{"id":276,"date":"2023-08-16T09:25:32","date_gmt":"2023-08-16T07:25:32","guid":{"rendered":"http:\/\/cjsmjrl.cluster029.hosting.ovh.net\/?page_id=276"},"modified":"2025-02-15T08:45:09","modified_gmt":"2025-02-15T07:45:09","slug":"epilations-douces","status":"publish","type":"page","link":"https:\/\/sourcesdubienetre-vesoul.com\/index.php\/les-professionnels\/lilavati-g-revelatrice-de-magnificence\/epilations-douces\/","title":{"rendered":"Epilations douces"},"content":{"rendered":"\n<figure class=\"wp-block-image alignright size-large\"><img decoding=\"async\" src=\"https:\/\/sourcesdubienetre-vesoul.com\/wp-content\/uploads\/2023\/08\/image-4.png\" alt=\"\"\/><\/figure>\n\n\n\n<p><strong>Le Sugaring,<\/strong><\/p>\n\n\n\n<p class=\"has-text-align-center\"><strong>une \u00e9pilation douce et indolore<\/strong><\/p>\n\n\n\n<p class=\"has-text-align-right\"><strong>avec la M\u00e9thode Pandhys \u2026<\/strong><\/p>\n\n\n\n<p>Une \u00e9pilation-soin des plus surprenantes : agr\u00e9able, relaxante, un r\u00e9sultat novateur.<\/p>\n\n\n\n<p>Pr\u00e9paration 100%&nbsp;<strong>naturelle<\/strong>&nbsp;et \u00e9cologique bas\u00e9e sur les pr\u00e9parations mill\u00e9naires du Moyen-Orient (glucose-fructose et eau, uniquement), la p\u00e2te hypoallerg\u00e9nique ne provoque&nbsp;<strong>aucune irritation et aucune allergie<\/strong>, bien au contraire.<\/p>\n\n\n\n<p>Appliqu\u00e9e et travaill\u00e9e en boule selon une technique tr\u00e8s pr\u00e9cise&nbsp;<strong>aux doigts ou au b\u00e2tonnet de buis<\/strong>, elle s\u2019utilise sur&nbsp;<strong>poils courts uniquement<\/strong>, d\u2019environ 5 \u00e0 7 mm.<\/p>\n\n\n\n<p>V\u00e9ritable soin complet, elle enl\u00e8ve les cellules mortes, draine les tissus, hydrate intens\u00e9ment la peau tout en retirant&nbsp;<strong>dans le sens de pousse<\/strong>&nbsp;les poils et leur racine.<\/p>\n\n\n\n<p><strong>R\u00e9sultat<\/strong>&nbsp;: La peau est \u00e0 peine ros\u00e9e, douce, souple et hydrat\u00e9e. Pratiqu\u00e9e \u00e0 une fr\u00e9quence r\u00e9guli\u00e8re, un ph\u00e9nom\u00e8ne de d\u00e9vitalisation du poil se produit sur les zones \u00e9pil\u00e9es.<\/p>\n\n\n\n<p>La repousse est de plus en plus fine, la densit\u00e9 diminue jusqu\u2019\u00e0 quasi-disparition des poils en seulement quelques ann\u00e9es.<\/p>\n\n\n\n<p>Un moment agr\u00e9able de d\u00e9tente et de repos, si exceptionnel que cela puisse para\u00eetre !&nbsp; &nbsp; &nbsp;&nbsp;<\/p>\n\n\n\n<p><strong>Soins Epilations douces&nbsp;&nbsp;<\/strong>&nbsp;<em>Cires \u00e0 usage unique&nbsp;&nbsp;<\/em>&nbsp; &nbsp;<\/p>\n\n\n\n<p>Au Caramel Bio avec bandes&nbsp;&#8211; Au Sucre M\u00e9thode Pandhys\u00ae<\/p>\n\n\n\n<p>Maillot<\/p>\n\n\n\n<p>Simple&#8230;&#8230;&#8230;&#8230;&#8230;&#8230;&#8230;&#8230;&#8230;&#8230;&#8230;&#8230;&#8230;&#8230;&#8230;&#8230;&#8230;&#8230;.&nbsp;15\u20ac&nbsp;&#8211; 19\u20ac<\/p>\n\n\n\n<p>Echancr\u00e9&#8230;&#8230;&#8230;&#8230;&#8230;&#8230;&#8230;&#8230;&#8230;&#8230;&#8230;&#8230;&#8230;&#8230;&#8230;&#8230;&#8230;&nbsp;19\u20ac&nbsp;&#8211; 23\u20ac<\/p>\n\n\n\n<p>Semi-int\u00e9gral&#8230;&#8230;&#8230;&#8230;&#8230;&#8230;&#8230;&#8230;&#8230;&#8230;&#8230;&#8230;&#8230;&#8230;..&nbsp;23\u20ac&nbsp;&#8211; 33\u20ac<\/p>\n\n\n\n<p>Int\u00e9gral&#8230;&#8230;&#8230;&#8230;&#8230;&#8230;&#8230;&#8230;&#8230;&#8230;&#8230;&#8230;&#8230;&#8230;&#8230;&#8230;&#8230;&#8230;&nbsp;29\u20ac&nbsp;&#8211; 39\u20ac<\/p>\n\n\n\n<p>Entretien int\u00e9gral&#8230;&#8230;&#8230;&#8230;&#8230;&#8230;&#8230;&#8230;&#8230;&#8230;&#8230;&#8230;.&nbsp;26\u20ac&nbsp;&#8211; 36\u20ac<\/p>\n\n\n\n<p>Fesses&#8230;&#8230;&#8230;&#8230;&#8230;&#8230;&#8230;&#8230;&#8230;&#8230;&#8230;&#8230;&#8230;&#8230;&#8230;&#8230;&#8230;&#8230;&#8230;&nbsp;12\u20ac&nbsp;&#8211; 16\u20ac<\/p>\n\n\n\n<p>Jambes<\/p>\n\n\n\n<p>Demies-jambes&#8230;&#8230;&#8230;&#8230;&#8230;&#8230;&#8230;&#8230;&#8230;&#8230;&#8230;&#8230;&#8230;..&nbsp;19\u20ac&nbsp;&#8211; 27\u20ac<\/p>\n\n\n\n<p>Cuisses&#8230;&#8230;&#8230;&#8230;&#8230;&#8230;&#8230;&#8230;&#8230;&#8230;&#8230;&#8230;&#8230;&#8230;&#8230;&#8230;&#8230;&#8230;.&nbsp;19\u20ac&nbsp;&#8211; 27\u20ac<\/p>\n\n\n\n<p>Jambes enti\u00e8res&#8230;&#8230;&#8230;&#8230;&#8230;&#8230;&#8230;&#8230;&#8230;&#8230;&#8230;&#8230;&#8230;&#8230;&nbsp;30\u20ac&nbsp;&#8211; 48\u20ac<\/p>\n\n\n\n<p>Aisselles&#8230;&#8230;&#8230;&#8230;&#8230;&#8230;&#8230;&#8230;&#8230;&#8230;&#8230;&#8230;&#8230;&#8230;&#8230;&#8230;&#8230;&#8230;&nbsp;10\u20ac&nbsp;&#8211; 14\u20ac<\/p>\n\n\n\n<p>Visage<\/p>\n\n\n\n<p>Sourcils entretien&#8230;&#8230;&#8230;&#8230;&#8230;&#8230;&#8230;&#8230;&#8230;&#8230;&#8230;&#8230;.. 10\u20ac<\/p>\n\n\n\n<p>Sourcils cr\u00e9ation de ligne&#8230;&#8230;&#8230;&#8230;&#8230;&#8230;&#8230;&#8230;. 16\u20ac<\/p>\n\n\n\n<p>L\u00e8vre sup\u00e9rieure&#8230;&#8230;&#8230;&#8230;&#8230;&#8230;&#8230;&#8230;&#8230;&#8230;&#8230;&#8230;&#8230;. 10\u20ac<\/p>\n\n\n\n<p>Menton&#8230;&#8230;&#8230;&#8230;&#8230;&#8230;&#8230;&#8230;&#8230;&#8230;&#8230;&#8230;&#8230;&#8230;&#8230;&#8230;&#8230;&#8230; 10\u20ac<\/p>\n\n\n\n<p>Visage entier&#8230;&#8230;&#8230;&#8230;&#8230;&#8230;&#8230;&#8230;&#8230;&#8230;&#8230;&#8230;&#8230;&#8230;&#8230;. 30\u20ac<\/p>\n\n\n\n<p>Sourcils + l\u00e8vre&#8230;&#8230;&#8230;&#8230;&#8230;&#8230;&#8230;&#8230;&#8230;&#8230;&#8230;&#8230;&#8230;&#8230;. 18\u20ac<\/p>\n\n\n\n<p>Bras et Buste<\/p>\n\n\n\n<p>Demis-bras&#8230;&#8230;&#8230;&#8230;&#8230;&#8230;&#8230;&#8230;&#8230;&#8230;&#8230;&#8230;&#8230;&#8230;&#8230;&#8230;..&nbsp;16\u20ac&nbsp;&#8211; 23\u20ac<\/p>\n\n\n\n<p>Bras entiers&#8230;&#8230;&#8230;&#8230;&#8230;&#8230;&#8230;&#8230;&#8230;&#8230;&#8230;&#8230;&#8230;&#8230;&#8230;&#8230;..&nbsp;20\u20ac&nbsp;&#8211; 27\u20ac<\/p>\n\n\n\n<p>Torse ou dos&#8230;&#8230;&#8230;&#8230;&#8230;&#8230;&#8230;&#8230;&#8230;&#8230;&#8230;&#8230;&#8230;&#8230;&#8230;&#8230;&nbsp;25\u20ac&nbsp;&#8211; 32\u20ac<\/p>\n\n\n\n<p>Merci de veiller \u00e0 ce que les zones \u00e0 \u00e9piler soient propres et non graiss\u00e9e et que la longueur des poils soit appropri\u00e9e \u00e0 l&rsquo;\u00e9pilation souhait\u00e9e (sugaring de 5 \u00e0 7 mm, caramel \u00e0 partir de 7 mm).<\/p>\n\n\n\n<p class=\"has-text-align-right\"><em>Tarifs mis \u00e0 jour et applicables au 1er janvier 2019.<\/em><\/p>\n","protected":false},"excerpt":{"rendered":"<p>Le Sugaring, une \u00e9pilation douce et indolore avec la M\u00e9thode Pandhys \u2026 Une \u00e9pilation-soin des plus surprenantes : agr\u00e9able, relaxante, un r\u00e9sultat novateur. Pr\u00e9paration 100%&nbsp;naturelle&nbsp;et \u00e9cologique bas\u00e9e sur les pr\u00e9parations mill\u00e9naires du Moyen-Orient (glucose-fructose et eau, uniquement), la p\u00e2te hypoallerg\u00e9nique ne provoque&nbsp;aucune irritation et aucune allergie, bien au contraire. Appliqu\u00e9e et travaill\u00e9e en boule selon [&hellip;]<\/p>\n","protected":false},"author":3,"featured_media":0,"parent":102,"menu_order":2,"comment_status":"closed","ping_status":"closed","template":"","meta":{"site-sidebar-layout":"default","site-content-layout":"","ast-site-content-layout":"","site-content-style":"default","site-sidebar-style":"default","ast-global-header-display":"","ast-banner-title-visibility":"","ast-main-header-display":"","ast-hfb-above-header-display":"","ast-hfb-below-header-display":"","ast-hfb-mobile-header-display":"","site-post-title":"","ast-breadcrumbs-content":"","ast-featured-img":"","footer-sml-layout":"","theme-transparent-header-meta":"","adv-header-id-meta":"","stick-header-meta":"","header-above-stick-meta":"","header-main-stick-meta":"","header-below-stick-meta":"","astra-migrate-meta-layouts":"default","ast-page-background-enabled":"default","ast-page-background-meta":{"desktop":{"background-color":"var(--ast-global-color-4)","background-image":"","background-repeat":"repeat","background-position":"center center","background-size":"auto","background-attachment":"scroll","background-type":"","background-media":"","overlay-type":"","overlay-color":"","overlay-opacity":"","overlay-gradient":""},"tablet":{"background-color":"","background-image":"","background-repeat":"repeat","background-position":"center center","background-size":"auto","background-attachment":"scroll","background-type":"","background-media":"","overlay-type":"","overlay-color":"","overlay-opacity":"","overlay-gradient":""},"mobile":{"background-color":"","background-image":"","background-repeat":"repeat","background-position":"center center","background-size":"auto","background-attachment":"scroll","background-type":"","background-media":"","overlay-type":"","overlay-color":"","overlay-opacity":"","overlay-gradient":""}},"ast-content-background-meta":{"desktop":{"background-color":"var(--ast-global-color-5)","background-image":"","background-repeat":"repeat","background-position":"center center","background-size":"auto","background-attachment":"scroll","background-type":"","background-media":"","overlay-type":"","overlay-color":"","overlay-opacity":"","overlay-gradient":""},"tablet":{"background-color":"var(--ast-global-color-5)","background-image":"","background-repeat":"repeat","background-position":"center center","background-size":"auto","background-attachment":"scroll","background-type":"","background-media":"","overlay-type":"","overlay-color":"","overlay-opacity":"","overlay-gradient":""},"mobile":{"background-color":"var(--ast-global-color-5)","background-image":"","background-repeat":"repeat","background-position":"center center","background-size":"auto","background-attachment":"scroll","background-type":"","background-media":"","overlay-type":"","overlay-color":"","overlay-opacity":"","overlay-gradient":""}},"footnotes":""},"class_list":["post-276","page","type-page","status-publish","hentry"],"yoast_head":"<!-- This site is optimized with the Yoast SEO plugin v27.5 - https:\/\/yoast.com\/product\/yoast-seo-wordpress\/ -->\n<title>Epilations douces - Les Sources du Bien-\u00catre<\/title>\n<meta name=\"robots\" content=\"index, follow, max-snippet:-1, max-image-preview:large, max-video-preview:-1\" \/>\n<link rel=\"canonical\" href=\"https:\/\/sourcesdubienetre-vesoul.com\/index.php\/les-professionnels\/lilavati-g-revelatrice-de-magnificence\/epilations-douces\/\" \/>\n<meta property=\"og:locale\" content=\"fr_FR\" \/>\n<meta property=\"og:type\" content=\"article\" \/>\n<meta property=\"og:title\" content=\"Epilations douces - Les Sources du Bien-\u00catre\" \/>\n<meta property=\"og:description\" content=\"Le Sugaring, une \u00e9pilation douce et indolore avec la M\u00e9thode Pandhys \u2026 Une \u00e9pilation-soin des plus surprenantes : agr\u00e9able, relaxante, un r\u00e9sultat novateur. Pr\u00e9paration 100%&nbsp;naturelle&nbsp;et \u00e9cologique bas\u00e9e sur les pr\u00e9parations mill\u00e9naires du Moyen-Orient (glucose-fructose et eau, uniquement), la p\u00e2te hypoallerg\u00e9nique ne provoque&nbsp;aucune irritation et aucune allergie, bien au contraire. Appliqu\u00e9e et travaill\u00e9e en boule selon [&hellip;]\" \/>\n<meta property=\"og:url\" content=\"https:\/\/sourcesdubienetre-vesoul.com\/index.php\/les-professionnels\/lilavati-g-revelatrice-de-magnificence\/epilations-douces\/\" \/>\n<meta property=\"og:site_name\" content=\"Les Sources du Bien-\u00catre\" \/>\n<meta property=\"article:publisher\" content=\"https:\/\/www.facebook.com\/SourcesduBienEtre\/?locale=fr_FR\" \/>\n<meta property=\"article:modified_time\" content=\"2025-02-15T07:45:09+00:00\" \/>\n<meta property=\"og:image\" content=\"https:\/\/sourcesdubienetre-vesoul.com\/wp-content\/uploads\/2023\/08\/image-4.png\" \/>\n<meta name=\"twitter:card\" content=\"summary_large_image\" \/>\n<meta name=\"twitter:label1\" content=\"Dur\u00e9e de lecture estim\u00e9e\" \/>\n\t<meta name=\"twitter:data1\" content=\"2 minutes\" \/>\n<script type=\"application\/ld+json\" class=\"yoast-schema-graph\">{\"@context\":\"https:\\\/\\\/schema.org\",\"@graph\":[{\"@type\":\"WebPage\",\"@id\":\"https:\\\/\\\/sourcesdubienetre-vesoul.com\\\/index.php\\\/les-professionnels\\\/lilavati-g-revelatrice-de-magnificence\\\/epilations-douces\\\/\",\"url\":\"https:\\\/\\\/sourcesdubienetre-vesoul.com\\\/index.php\\\/les-professionnels\\\/lilavati-g-revelatrice-de-magnificence\\\/epilations-douces\\\/\",\"name\":\"Epilations douces - Les Sources du Bien-\u00catre\",\"isPartOf\":{\"@id\":\"https:\\\/\\\/sourcesdubienetre-vesoul.com\\\/#website\"},\"primaryImageOfPage\":{\"@id\":\"https:\\\/\\\/sourcesdubienetre-vesoul.com\\\/index.php\\\/les-professionnels\\\/lilavati-g-revelatrice-de-magnificence\\\/epilations-douces\\\/#primaryimage\"},\"image\":{\"@id\":\"https:\\\/\\\/sourcesdubienetre-vesoul.com\\\/index.php\\\/les-professionnels\\\/lilavati-g-revelatrice-de-magnificence\\\/epilations-douces\\\/#primaryimage\"},\"thumbnailUrl\":\"https:\\\/\\\/sourcesdubienetre-vesoul.com\\\/wp-content\\\/uploads\\\/2023\\\/08\\\/image-4.png\",\"datePublished\":\"2023-08-16T07:25:32+00:00\",\"dateModified\":\"2025-02-15T07:45:09+00:00\",\"breadcrumb\":{\"@id\":\"https:\\\/\\\/sourcesdubienetre-vesoul.com\\\/index.php\\\/les-professionnels\\\/lilavati-g-revelatrice-de-magnificence\\\/epilations-douces\\\/#breadcrumb\"},\"inLanguage\":\"fr-FR\",\"potentialAction\":[{\"@type\":\"ReadAction\",\"target\":[\"https:\\\/\\\/sourcesdubienetre-vesoul.com\\\/index.php\\\/les-professionnels\\\/lilavati-g-revelatrice-de-magnificence\\\/epilations-douces\\\/\"]}]},{\"@type\":\"ImageObject\",\"inLanguage\":\"fr-FR\",\"@id\":\"https:\\\/\\\/sourcesdubienetre-vesoul.com\\\/index.php\\\/les-professionnels\\\/lilavati-g-revelatrice-de-magnificence\\\/epilations-douces\\\/#primaryimage\",\"url\":\"https:\\\/\\\/sourcesdubienetre-vesoul.com\\\/wp-content\\\/uploads\\\/2023\\\/08\\\/image-4.png\",\"contentUrl\":\"https:\\\/\\\/sourcesdubienetre-vesoul.com\\\/wp-content\\\/uploads\\\/2023\\\/08\\\/image-4.png\",\"width\":246,\"height\":120},{\"@type\":\"BreadcrumbList\",\"@id\":\"https:\\\/\\\/sourcesdubienetre-vesoul.com\\\/index.php\\\/les-professionnels\\\/lilavati-g-revelatrice-de-magnificence\\\/epilations-douces\\\/#breadcrumb\",\"itemListElement\":[{\"@type\":\"ListItem\",\"position\":1,\"name\":\"Accueil\",\"item\":\"https:\\\/\\\/sourcesdubienetre-vesoul.com\\\/\"},{\"@type\":\"ListItem\",\"position\":2,\"name\":\"Les professionnels\",\"item\":\"https:\\\/\\\/sourcesdubienetre-vesoul.com\\\/index.php\\\/les-professionnels\\\/\"},{\"@type\":\"ListItem\",\"position\":3,\"name\":\"Lilavati G. *\u00a0r\u00e9v\u00e9latrice de magnificence\u200b *\",\"item\":\"https:\\\/\\\/sourcesdubienetre-vesoul.com\\\/index.php\\\/les-professionnels\\\/lilavati-g-revelatrice-de-magnificence\\\/\"},{\"@type\":\"ListItem\",\"position\":4,\"name\":\"Epilations douces\"}]},{\"@type\":\"WebSite\",\"@id\":\"https:\\\/\\\/sourcesdubienetre-vesoul.com\\\/#website\",\"url\":\"https:\\\/\\\/sourcesdubienetre-vesoul.com\\\/\",\"name\":\"sourcesdubienetre-vesoul\",\"description\":\"Des professionnel du bien-\u00eatre \u00e0 votre service\",\"publisher\":{\"@id\":\"https:\\\/\\\/sourcesdubienetre-vesoul.com\\\/#organization\"},\"potentialAction\":[{\"@type\":\"SearchAction\",\"target\":{\"@type\":\"EntryPoint\",\"urlTemplate\":\"https:\\\/\\\/sourcesdubienetre-vesoul.com\\\/?s={search_term_string}\"},\"query-input\":{\"@type\":\"PropertyValueSpecification\",\"valueRequired\":true,\"valueName\":\"search_term_string\"}}],\"inLanguage\":\"fr-FR\"},{\"@type\":\"Organization\",\"@id\":\"https:\\\/\\\/sourcesdubienetre-vesoul.com\\\/#organization\",\"name\":\"Les Sources du Bien-\u00catre\",\"url\":\"https:\\\/\\\/sourcesdubienetre-vesoul.com\\\/\",\"logo\":{\"@type\":\"ImageObject\",\"inLanguage\":\"fr-FR\",\"@id\":\"https:\\\/\\\/sourcesdubienetre-vesoul.com\\\/#\\\/schema\\\/logo\\\/image\\\/\",\"url\":\"https:\\\/\\\/sourcesdubienetre-vesoul.com\\\/wp-content\\\/uploads\\\/2025\\\/07\\\/new_logo.jpg\",\"contentUrl\":\"https:\\\/\\\/sourcesdubienetre-vesoul.com\\\/wp-content\\\/uploads\\\/2025\\\/07\\\/new_logo.jpg\",\"width\":500,\"height\":500,\"caption\":\"Les Sources du Bien-\u00catre\"},\"image\":{\"@id\":\"https:\\\/\\\/sourcesdubienetre-vesoul.com\\\/#\\\/schema\\\/logo\\\/image\\\/\"},\"sameAs\":[\"https:\\\/\\\/www.facebook.com\\\/SourcesduBienEtre\\\/?locale=fr_FR\"]}]}<\/script>\n<!-- \/ Yoast SEO plugin. -->","yoast_head_json":{"title":"Epilations douces - Les Sources du Bien-\u00catre","robots":{"index":"index","follow":"follow","max-snippet":"max-snippet:-1","max-image-preview":"max-image-preview:large","max-video-preview":"max-video-preview:-1"},"canonical":"https:\/\/sourcesdubienetre-vesoul.com\/index.php\/les-professionnels\/lilavati-g-revelatrice-de-magnificence\/epilations-douces\/","og_locale":"fr_FR","og_type":"article","og_title":"Epilations douces - Les Sources du Bien-\u00catre","og_description":"Le Sugaring, une \u00e9pilation douce et indolore avec la M\u00e9thode Pandhys \u2026 Une \u00e9pilation-soin des plus surprenantes : agr\u00e9able, relaxante, un r\u00e9sultat novateur. Pr\u00e9paration 100%&nbsp;naturelle&nbsp;et \u00e9cologique bas\u00e9e sur les pr\u00e9parations mill\u00e9naires du Moyen-Orient (glucose-fructose et eau, uniquement), la p\u00e2te hypoallerg\u00e9nique ne provoque&nbsp;aucune irritation et aucune allergie, bien au contraire. Appliqu\u00e9e et travaill\u00e9e en boule selon [&hellip;]","og_url":"https:\/\/sourcesdubienetre-vesoul.com\/index.php\/les-professionnels\/lilavati-g-revelatrice-de-magnificence\/epilations-douces\/","og_site_name":"Les Sources du Bien-\u00catre","article_publisher":"https:\/\/www.facebook.com\/SourcesduBienEtre\/?locale=fr_FR","article_modified_time":"2025-02-15T07:45:09+00:00","og_image":[{"url":"https:\/\/sourcesdubienetre-vesoul.com\/wp-content\/uploads\/2023\/08\/image-4.png","type":"","width":"","height":""}],"twitter_card":"summary_large_image","twitter_misc":{"Dur\u00e9e de lecture estim\u00e9e":"2 minutes"},"schema":{"@context":"https:\/\/schema.org","@graph":[{"@type":"WebPage","@id":"https:\/\/sourcesdubienetre-vesoul.com\/index.php\/les-professionnels\/lilavati-g-revelatrice-de-magnificence\/epilations-douces\/","url":"https:\/\/sourcesdubienetre-vesoul.com\/index.php\/les-professionnels\/lilavati-g-revelatrice-de-magnificence\/epilations-douces\/","name":"Epilations douces - Les Sources du Bien-\u00catre","isPartOf":{"@id":"https:\/\/sourcesdubienetre-vesoul.com\/#website"},"primaryImageOfPage":{"@id":"https:\/\/sourcesdubienetre-vesoul.com\/index.php\/les-professionnels\/lilavati-g-revelatrice-de-magnificence\/epilations-douces\/#primaryimage"},"image":{"@id":"https:\/\/sourcesdubienetre-vesoul.com\/index.php\/les-professionnels\/lilavati-g-revelatrice-de-magnificence\/epilations-douces\/#primaryimage"},"thumbnailUrl":"https:\/\/sourcesdubienetre-vesoul.com\/wp-content\/uploads\/2023\/08\/image-4.png","datePublished":"2023-08-16T07:25:32+00:00","dateModified":"2025-02-15T07:45:09+00:00","breadcrumb":{"@id":"https:\/\/sourcesdubienetre-vesoul.com\/index.php\/les-professionnels\/lilavati-g-revelatrice-de-magnificence\/epilations-douces\/#breadcrumb"},"inLanguage":"fr-FR","potentialAction":[{"@type":"ReadAction","target":["https:\/\/sourcesdubienetre-vesoul.com\/index.php\/les-professionnels\/lilavati-g-revelatrice-de-magnificence\/epilations-douces\/"]}]},{"@type":"ImageObject","inLanguage":"fr-FR","@id":"https:\/\/sourcesdubienetre-vesoul.com\/index.php\/les-professionnels\/lilavati-g-revelatrice-de-magnificence\/epilations-douces\/#primaryimage","url":"https:\/\/sourcesdubienetre-vesoul.com\/wp-content\/uploads\/2023\/08\/image-4.png","contentUrl":"https:\/\/sourcesdubienetre-vesoul.com\/wp-content\/uploads\/2023\/08\/image-4.png","width":246,"height":120},{"@type":"BreadcrumbList","@id":"https:\/\/sourcesdubienetre-vesoul.com\/index.php\/les-professionnels\/lilavati-g-revelatrice-de-magnificence\/epilations-douces\/#breadcrumb","itemListElement":[{"@type":"ListItem","position":1,"name":"Accueil","item":"https:\/\/sourcesdubienetre-vesoul.com\/"},{"@type":"ListItem","position":2,"name":"Les professionnels","item":"https:\/\/sourcesdubienetre-vesoul.com\/index.php\/les-professionnels\/"},{"@type":"ListItem","position":3,"name":"Lilavati G. *\u00a0r\u00e9v\u00e9latrice de magnificence\u200b *","item":"https:\/\/sourcesdubienetre-vesoul.com\/index.php\/les-professionnels\/lilavati-g-revelatrice-de-magnificence\/"},{"@type":"ListItem","position":4,"name":"Epilations douces"}]},{"@type":"WebSite","@id":"https:\/\/sourcesdubienetre-vesoul.com\/#website","url":"https:\/\/sourcesdubienetre-vesoul.com\/","name":"sourcesdubienetre-vesoul","description":"Des professionnel du bien-\u00eatre \u00e0 votre service","publisher":{"@id":"https:\/\/sourcesdubienetre-vesoul.com\/#organization"},"potentialAction":[{"@type":"SearchAction","target":{"@type":"EntryPoint","urlTemplate":"https:\/\/sourcesdubienetre-vesoul.com\/?s={search_term_string}"},"query-input":{"@type":"PropertyValueSpecification","valueRequired":true,"valueName":"search_term_string"}}],"inLanguage":"fr-FR"},{"@type":"Organization","@id":"https:\/\/sourcesdubienetre-vesoul.com\/#organization","name":"Les Sources du Bien-\u00catre","url":"https:\/\/sourcesdubienetre-vesoul.com\/","logo":{"@type":"ImageObject","inLanguage":"fr-FR","@id":"https:\/\/sourcesdubienetre-vesoul.com\/#\/schema\/logo\/image\/","url":"https:\/\/sourcesdubienetre-vesoul.com\/wp-content\/uploads\/2025\/07\/new_logo.jpg","contentUrl":"https:\/\/sourcesdubienetre-vesoul.com\/wp-content\/uploads\/2025\/07\/new_logo.jpg","width":500,"height":500,"caption":"Les Sources du Bien-\u00catre"},"image":{"@id":"https:\/\/sourcesdubienetre-vesoul.com\/#\/schema\/logo\/image\/"},"sameAs":["https:\/\/www.facebook.com\/SourcesduBienEtre\/?locale=fr_FR"]}]}},"_links":{"self":[{"href":"https:\/\/sourcesdubienetre-vesoul.com\/index.php\/wp-json\/wp\/v2\/pages\/276","targetHints":{"allow":["GET"]}}],"collection":[{"href":"https:\/\/sourcesdubienetre-vesoul.com\/index.php\/wp-json\/wp\/v2\/pages"}],"about":[{"href":"https:\/\/sourcesdubienetre-vesoul.com\/index.php\/wp-json\/wp\/v2\/types\/page"}],"author":[{"embeddable":true,"href":"https:\/\/sourcesdubienetre-vesoul.com\/index.php\/wp-json\/wp\/v2\/users\/3"}],"replies":[{"embeddable":true,"href":"https:\/\/sourcesdubienetre-vesoul.com\/index.php\/wp-json\/wp\/v2\/comments?post=276"}],"version-history":[{"count":2,"href":"https:\/\/sourcesdubienetre-vesoul.com\/index.php\/wp-json\/wp\/v2\/pages\/276\/revisions"}],"predecessor-version":[{"id":1930,"href":"https:\/\/sourcesdubienetre-vesoul.com\/index.php\/wp-json\/wp\/v2\/pages\/276\/revisions\/1930"}],"up":[{"embeddable":true,"href":"https:\/\/sourcesdubienetre-vesoul.com\/index.php\/wp-json\/wp\/v2\/pages\/102"}],"wp:attachment":[{"href":"https:\/\/sourcesdubienetre-vesoul.com\/index.php\/wp-json\/wp\/v2\/media?parent=276"}],"curies":[{"name":"wp","href":"https:\/\/api.w.org\/{rel}","templated":true}]}}